hen -2 + (-29)/(0 + r) is divided by q(1).
13
Let w be (2*2)/2 - 1. Let x(r) = -19*r + 7. Let f(n) = -10*n + 4. Let o(s) = 5*f(s) - 3*x(s). Calculate the remainder when 10 is divided by o(w).
4
Suppose k + 90 = 3*k. What is the remainder when k is divided by 12?
9
Suppose k + 2*k + 3*c = 27, 21 = 3*k + 5*c. What is the remainder when 47 is divided by k?
11
Let s = 23 - 2. Let o = -1 + 12. Calculate the remainder when s is divided by o.
10
Let k = -164 + 241. Let t = k - 47. What is the remainder when t is divided by 8?
6
Let i be (-16)/6 - 2/6. Let r be 1 - (-37)/(i/3). Let h = r + 52. What is the remainder when h is divided by 9?
7
Let r(a) = -2*a - 8. Let j be r(-14). Let c = j + -1. What is the remainder when 75 is divided by c?
18
Let x = 32 + -24. Calculate the remainder when 53 is divided by x.
5
Let f(u) = 55*u - 6. Let o(t) = -110*t + 13. Let q(d) = -5*f(d) - 2*o(d). What is the remainder when q(-2) is divided by 29?
27
Suppose -13*u + 74 = -12*u. Calculate the remainder when u is divided by 19.
17
Let z = 37 + -23. Let o(k) = -k + 4. Let p = 1 - 5. Calculate the remainder when z is divided by o(p).
6
Let u(a) be the second derivative of -a**5/20 - a**4/2 + 4*a**3/3 + a**2/2 - a. Let o be u(-7). Calculate the remainder when 19 is divided by -2*(0 - (-21)/o).
5
Let y be (-28)/(-8) - 1/(-2). Let l = 22 - y. Calculate the remainder when (-1)/(50/51 + -1) is divided by l.
15
Let z = 64 - 122. Let p = 97 + z. Calculate the remainder when p is divided by 20.
19
Suppose -5*c = -c - 212. What is the remainder when c is divided by 14?
11
Let f = 3 + -4. Let v(k) = -5*k - 1. Let u(i) = 9*i + 2. Let l(q) = 6*u(q) + 11*v(q). What is the remainder when 2 is divided by l(f)?
0
Let r(n) = -n**3 - 14*n**2 - 14*n - 17. Let j be r(-13). Calculate the remainder when -2 - j - (-3)/3 is divided by (-6)/4*4/(-3).
1
Let b = 26 - 13. Calculate the remainder when b is divided by 4.
1
Let q(x) = x**2 - 11*x + 12. Let o be q(10). Suppose 0 = o*b + b - 4*p - 211, 0 = 4*b + 2*p - 318. What is the remainder when b is divided by 20?
17
Suppose -2*i + 84 = 10. Suppose -3*f - 4 = -i. What is the remainder when f is divided by 6?
5
Suppose 2*o - 70 = o. Calculate the remainder when o is divided by (-3 - -6)/(3/24).
22
Let v = 9 + -3. What is the remainder when ((-6)/4)/(v/(-108)) is divided by 14?
13
Suppose -z - 2*z - 12 = 0. Let c(r) = r**2 + 3*r. Calculate the remainder when c(z) is divided by 2.
0
Let t(m) be the second derivative of m**4/12 - 7*m**3/6 - m**2 + 3*m. What is the remainder when t(9) is divided by 9?
7
Let q(r) = r**3 - 5*r**2 + 3*r - 4. Let x(d) = -d + 2. Let k be x(3). Calculate the remainder when q(6) is divided by (1 - k)*(-17)/(-2).
16
Let w be ((-84)/(-49))/((-2)/(-7)). What is the remainder when 2/w*(78 - -3) is divided by 15?
12
Let w(y) = 2*y**2 + 5*y - 2. Let g be w(-4). Suppose 0 = 2*q + 1 - 47. Suppose -2*z = 3*z - g, z + q = 5*p. Calculate the remainder when p is divided by 2.
1
Let w be (8/(-5))/(2/(-15)). Let o be (-2)/3 + 8/w. What is the remainder when o/(-1 + 2) + 9 is divided by 5?
4
Let d(s) = 4*s**2 - 48*s + 15. What is the remainder when d(12) is divided by 3?
0
Suppose 7*t = 14*t - 105. Calculate the remainder when 72 is divided by t.
12
Suppose -4*d - 16 = -8*d. Suppose -d*h = 4*j - 40, -5*h + 2*j + 9 + 6 = 0. Calculate the remainder when 19 is divided by h.
4
Suppose -l + 5 = 4*l. Suppose -c + l = -1, -3*u + 4 = 2*c. Suppose u*a = 2*a - 4. What is the remainder when a is divided by 1?
0
Let t be -3 - (1 + (0 - 2)). Calculate the remainder when 1 is divided by (3/(-6) + 0)*t.
0
Let q(s) = 2*s**2 - 12*s. Let m(v) = 4*v**2 - 25*v. Let l(a) = -3*m(a) + 7*q(a). What is the remainder when 33 is divided by l(6)?
15
Let x be 2/4*(3 - -1). Suppose 0 = 5*c + 3*p - 111, -x*p = -c + 3*p + 11. Calculate the remainder when c is divided by 11.
10
Suppose 0 = a - 2 - 45. Let s(y) = -2*y**2 - 19*y - 23. What is the remainder when a is divided by s(-7)?
11
Let r(i) = i**3 - 3*i**2 - 5*i + 4. Let k be r(4). Let s(v) = -v**2 + k + 4 - 9*v + 3. What is the remainder when 20 is divided by s(-9)?
6
Let i(h) = -2*h - 14. Suppose 4*d - 8 = 2*b, -4*b - 1 + 29 = 3*d. Let g(l) = -4*l + 5. Let j be g(d). What is the remainder when 31 is divided by i(j)?
7
Suppose -12 = -5*u + 8. Calculate the remainder when 9 is divided by u.
1
Suppose -2*j = 2*s - 20, s + j - 30 = -4*j. Suppose -s*o = -68 - 32. What is the remainder when o is divided by 7?
6
Suppose -4*m + 138 = 2*m. Calculate the remainder when m is divided by 14.
9
Calculate the remainder when (-1)/4 - 426/(-8) is divided by 36.
17
Let i(v) = v**2 - 6*v + 2. Let p be i(6). What is the remainder when 15 is divided by (2 - 8/p)*-3?
3
Let g(w) = w**2 + 5*w + 1. Suppose 4 = 12*h - 8*h. Calculate the remainder when g(-5) is divided by h.
0
Calculate the remainder when 32 is divided by (-50)/(-8) + (-48)/(-64).
4
Calculate the remainder when -12*(-12)/(-16)*-3 is divided by 15.
12
Suppose -4*b + 7*b = 87. What is the remainder when b is divided by ((-12)/3 - -18) + -4?
9
Let d be 15 - (-1 + -3 + 1). Let u = d - 9. What is the remainder when 15 is divided by u?
6
Let n(l) = 5 + 2*l**2 + 1 - 3*l - 4 - 3*l. What is the remainder when 39 is divided by n(4)?
9
Suppose -3*q + 6 = 0, -p - 3*p + 5*q - 10 = 0. Suppose 5*t + 5*w = 90, t + w + w - 19 = p. What is the remainder when 33 is divided by t?
16
Let v(d) = 2*d - 5. Let w be v(4). Let g = 2 + w. What is the remainder when 1045/77 - (-3)/7 is divided by g?
4
Let m = 20 - 12. Let j = m + -3. Let d(z) = z**3 + 7*z**2 + 5*z + 1. What is the remainder when d(-6) is divided by j?
2
What is the remainder when 267 is divided by ((-217)/(-14) - -7)*8/6?
27
Let u(f) = f**2 - 13*f + 6. Calculate the remainder when u(13) is divided by 5/1 + 1/(-1).
2
Let n = -1 - -6. Calculate the remainder when n is divided by 2.
1
Let q(s) = -s**2 - 13*s - 2. Let p be q(-13). What is the remainder when 53 is divided by (p/(-5))/((-1)/(-35))?
11
Let z(k) = k**2 - 4*k + 2. Let x(n) = n**2 + 11*n + 6. Let f be x(-11). What is the remainder when z(f) is divided by 8?
6
Suppose -2*j - 6*v + 57 = -v, -22 = -2*j + 2*v. Suppose 5*p = 9 + j. What is the remainder when 18 is divided by p?
3
Let i(y) = y**3 - 8*y**2 + y - 4. What is the remainder when i(8) is divided by 1?
0
Suppose 2*a = -a + 5*z + 110, 2*z - 164 = -4*a. Calculate the remainder when a is divided by 14.
12
Suppose 0 = 5*h - 2*h - 45. Let y = 12 + h. What is the remainder when y is divided by 15?
12
Suppose 0 = 3*g - 8*g + 15. Suppose 2*i = -8, -4*i = f + i + 11. Calculate the remainder when f is divided by g.
0
Suppose 10*x - 6*x = 2*b + 96, x - 4*b - 17 = 0. What is the remainder when x is divided by 7?
4
Let h be (-3)/(-12) + (-22)/(-8). Suppose 7*x + 26 = j + h*x, -4*j = 5*x - 104. Calculate the remainder when 50 is divided by j.
24
Suppose 6 = -5*m + 3*l, -2*l = -4*m - 5*l + 6. Suppose 0 = -5*r + 4*n + 200, m*r + 5*r - 205 = 5*n. What is the remainder when r is divided by 20?
16
Suppose 30 = -5*b + 75. Suppose -5*l + 40 = -4*i, -21 = i - 2*l - 2*l. Let g = b - i. What is the remainder when 26 is divided by g?
12
Let x(r) be the third derivative of -r**6/120 + r**5/15 + r**4/12 + r**3/3 + r**2. Let s = -3 + 7. What is the remainder when x(s) is divided by 6?
4
Let a = 16 + -26. Let c(v) = -4*v. Calculate the remainder when (a/(-6))/((-1)/(-9)) is divided by c(-2).
7
Let w be -1*3*(-1)/3. Suppose 5*y = u + 30, -4*y - w + 31 = -2*u. Let o = 12 + -4. What is the remainder when o is divided by y?
3
Suppose -6 = -3*u, -7*u + 31 = w - 3*u. Suppose -5*l - 2*v = -70, 5*l - 3*v + 13 - 58 = 0. What is the remainder when w is divided by l?
11
Suppose 9*q - 5*q = 316. What is the remainder when q is divided by 20?
19
Suppose -j + 5 = -0*j, 2*j = 5*k - 615. What is the remainder when k is divided by 16?
13
Suppose -9*a = -8 - 10. Calculate the remainder when a is divided by 2.
0
Suppose -3*o + 6*o = 54. Calculate the remainder when 35 is divided by o.
17
Suppose 2*h - h - 4 = 0. Suppose -3*o = -14 - h. What is the remainder when 17 is divided by o?
5
Let u(c) = 5*c**3 - 2*c**2 + 1. Suppose -4*b = -0*z + 4*z - 24, -5*z = -b. Suppose 35 = 8*p - 21. What is the remainder when p is divided by u(z)?
3
Let k be 33/(-2) - 4/(-8). Let n = 32 + 